[INFO] fetching crate panoramix 0.0.3...
[INFO] checking panoramix-0.0.3 against master#9610dfe5a9a731ced1ea4923ecbd0c57fe367898 for beta-170-4
[INFO] extracting crate panoramix 0.0.3 into /workspace/builds/worker-6-tc1/source
[INFO] validating manifest of crates.io crate panoramix 0.0.3 on toolchain 9610dfe5a9a731ced1ea4923ecbd0c57fe367898
[INFO] running `Command { std: CARGO_HOME="/workspace/cargo-home" RUSTUP_HOME="/workspace/rustup-home" "/workspace/cargo-home/bin/cargo" "+9610dfe5a9a731ced1ea4923ecbd0c57fe367898" "metadata" "--manifest-path" "Cargo.toml" "--no-deps", kill_on_drop: false }`
[INFO] started tweaking crates.io crate panoramix 0.0.3
[INFO] finished tweaking crates.io crate panoramix 0.0.3
[INFO] tweaked toml for crates.io crate panoramix 0.0.3 written to /workspace/builds/worker-6-tc1/source/Cargo.toml
[INFO] crate crates.io crate panoramix 0.0.3 already has a lockfile, it will not be regenerated
[INFO] running `Command { std: CARGO_HOME="/workspace/cargo-home" RUSTUP_HOME="/workspace/rustup-home" "/workspace/cargo-home/bin/cargo" "+9610dfe5a9a731ced1ea4923ecbd0c57fe367898" "fetch" "--manifest-path" "Cargo.toml", kill_on_drop: false }`
[INFO] [stderr]     Updating crates.io index
[INFO] [stderr]  Downloading crates ...
[INFO] [stderr]   Downloaded druid-derive v0.4.0
[INFO] [stderr]   Downloaded fluent-bundle v0.12.0
[INFO] [stderr]   Downloaded druid v0.7.0
[INFO] [stderr]   Downloaded panoramix-derive v0.0.2
[INFO] [stderr]   Downloaded test-env-log v0.2.6
[INFO] [stderr]   Downloaded tracing-unwrap v0.9.2
[INFO] [stderr]   Downloaded insta v1.7.0
[INFO] running `Command { std: "docker" "create" "-v" "/var/lib/crater-agent-workspace/builds/worker-6-tc1/target:/opt/rustwide/target:rw,Z" "-v" "/var/lib/crater-agent-workspace/builds/worker-6-tc1/source:/opt/rustwide/workdir:ro,Z" "-v" "/var/lib/crater-agent-workspace/cargo-home:/opt/rustwide/cargo-home:ro,Z" "-v" "/var/lib/crater-agent-workspace/rustup-home:/opt/rustwide/rustup-home:ro,Z" "-e" "SOURCE_DIR=/opt/rustwide/workdir" "-e" "CARGO_TARGET_DIR=/opt/rustwide/target" "-e" "CARGO_HOME=/opt/rustwide/cargo-home" "-e" "RUSTUP_HOME=/opt/rustwide/rustup-home" "-w" "/opt/rustwide/workdir" "-m" "1610612736" "--user" "0:0" "--network" "none" "ghcr.io/rust-lang/crates-build-env/linux@sha256:19e73879b68f455e41552ea35293514db52ea292d993f571636dbffedb77a1ee" "/opt/rustwide/cargo-home/bin/cargo" "+9610dfe5a9a731ced1ea4923ecbd0c57fe367898" "metadata" "--no-deps" "--format-version=1", kill_on_drop: false }`
[INFO] [stdout] 56ec77de54ba1bd911d3e759d1a0a52c6caa3f0d5cbaae466dfecaeed33b6122
[INFO] running `Command { std: "docker" "start" "-a" "56ec77de54ba1bd911d3e759d1a0a52c6caa3f0d5cbaae466dfecaeed33b6122", kill_on_drop: false }`
[INFO] running `Command { std: "docker" "inspect" "56ec77de54ba1bd911d3e759d1a0a52c6caa3f0d5cbaae466dfecaeed33b6122", kill_on_drop: false }`
[INFO] running `Command { std: "docker" "rm" "-f" "56ec77de54ba1bd911d3e759d1a0a52c6caa3f0d5cbaae466dfecaeed33b6122", kill_on_drop: false }`
[INFO] [stdout] 56ec77de54ba1bd911d3e759d1a0a52c6caa3f0d5cbaae466dfecaeed33b6122
[INFO] running `Command { std: "docker" "create" "-v" "/var/lib/crater-agent-workspace/builds/worker-6-tc1/target:/opt/rustwide/target:rw,Z" "-v" "/var/lib/crater-agent-workspace/builds/worker-6-tc1/source:/opt/rustwide/workdir:ro,Z" "-v" "/var/lib/crater-agent-workspace/cargo-home:/opt/rustwide/cargo-home:ro,Z" "-v" "/var/lib/crater-agent-workspace/rustup-home:/opt/rustwide/rustup-home:ro,Z" "-e" "SOURCE_DIR=/opt/rustwide/workdir" "-e" "CARGO_TARGET_DIR=/opt/rustwide/target" "-e" "CARGO_INCREMENTAL=0" "-e" "RUST_BACKTRACE=full" "-e" "RUSTFLAGS=--cap-lints=forbid" "-e" "RUSTDOCFLAGS=--cap-lints=forbid" "-e" "CARGO_HOME=/opt/rustwide/cargo-home" "-e" "RUSTUP_HOME=/opt/rustwide/rustup-home" "-w" "/opt/rustwide/workdir" "-m" "1610612736" "--user" "0:0" "--network" "none" "ghcr.io/rust-lang/crates-build-env/linux@sha256:19e73879b68f455e41552ea35293514db52ea292d993f571636dbffedb77a1ee" "/opt/rustwide/cargo-home/bin/cargo" "+9610dfe5a9a731ced1ea4923ecbd0c57fe367898" "check" "--frozen" "--all" "--all-targets" "--message-format=json", kill_on_drop: false }`
[INFO] [stdout] 80d7cd65c6df21ed8c143946afab3490ddbebc185357c73f1fac073cb9233d96
[INFO] running `Command { std: "docker" "start" "-a" "80d7cd65c6df21ed8c143946afab3490ddbebc185357c73f1fac073cb9233d96", kill_on_drop: false }`
[INFO] [stderr]    Compiling syn v1.0.64
[INFO] [stderr]    Compiling serde_derive v1.0.125
[INFO] [stderr]    Compiling serde v1.0.125
[INFO] [stderr]    Compiling pkg-config v0.3.19
[INFO] [stderr]    Compiling strum v0.18.0
[INFO] [stderr]    Compiling version-compare v0.0.10
[INFO] [stderr]    Compiling libc v0.2.91
[INFO] [stderr]     Checking pin-project-lite v0.2.6
[INFO] [stderr]    Compiling memchr v2.3.4
[INFO] [stderr]    Compiling proc-macro-nested v0.1.7
[INFO] [stderr]    Compiling anyhow v1.0.39
[INFO] [stderr]    Compiling heck v0.3.2
[INFO] [stderr]     Checking futures-sink v0.3.13
[INFO] [stderr]    Compiling quote v1.0.9
[INFO] [stderr]     Checking futures-core v0.3.13
[INFO] [stderr]     Checking futures-io v0.3.13
[INFO] [stderr]     Checking futures-task v0.3.13
[INFO] [stderr]    Compiling either v1.6.1
[INFO] [stderr]     Checking once_cell v1.7.2
[INFO] [stderr]    Compiling standback v0.2.17
[INFO] [stderr]     Checking futures-channel v0.3.13
[INFO] [stderr]    Compiling cairo-rs v0.9.1
[INFO] [stderr]    Compiling itertools v0.9.0
[INFO] [stderr]     Checking unic-char-range v0.9.0
[INFO] [stderr]     Checking unic-common v0.9.0
[INFO] [stderr]     Checking tinystr v0.3.4
[INFO] [stderr]     Checking unic-char-property v0.9.0
[INFO] [stderr]     Checking unic-ucd-version v0.9.0
[INFO] [stderr]    Compiling log v0.4.14
[INFO] [stderr]    Compiling gio v0.9.1
[INFO] [stderr]     Checking arrayvec v0.5.2
[INFO] [stderr]     Checking unic-ucd-bidi v0.9.0
[INFO] [stderr]    Compiling pango v0.9.1
[INFO] [stderr]     Checking unic-langid-impl v0.9.0
[INFO] [stderr]    Compiling gdk-pixbuf v0.9.0
[INFO] [stderr]    Compiling num-traits v0.2.14
[INFO] [stderr]    Compiling proc-macro-error-attr v1.0.4
[INFO] [stderr]     Checking tracing-core v0.1.17
[INFO] [stderr]    Compiling gdk v0.13.2
[INFO] [stderr]     Checking unic-bidi v0.9.0
[INFO] [stderr]     Checking unic-langid v0.9.0
[INFO] [stderr]    Compiling atk v0.9.0
[INFO] [stderr]    Compiling const_fn v0.4.5
[INFO] [stderr]    Compiling gtk v0.9.2
[INFO] [stderr]    Compiling num-integer v0.1.44
[INFO] [stderr]     Checking kurbo v0.7.1
[INFO] [stderr]    Compiling time v0.2.26
[INFO] [stderr]     Checking xi-unicode v0.2.1
[INFO] [stderr]    Compiling serde_json v1.0.64
[INFO] [stderr]     Checking regex-syntax v0.6.23
[INFO] [stderr]     Checking type-map v0.4.0
[INFO] [stderr]    Compiling lazy_static v1.4.0
[INFO] [stderr]     Checking stable_deref_trait v1.2.0
[INFO] [stderr]     Checking smallvec v1.6.1
[INFO] [stderr]     Checking itoa v0.4.7
[INFO] [stderr]     Checking byteorder v1.4.3
[INFO] [stderr]     Checking intl-memoizer v0.5.1
[INFO] [stderr]     Checking fluent-langneg v0.13.0
[INFO] [stderr]     Checking intl_pluralrules v7.0.1
[INFO] [stderr]     Checking instant v0.1.9
[INFO] [stderr]     Checking keyboard-types v0.5.0
[INFO] [stderr]    Compiling convert_case v0.4.0
[INFO] [stderr]     Checking fluent-syntax v0.9.3
[INFO] [stderr]     Checking terminal_size v0.1.16
[INFO] [stderr]     Checking tracing-log v0.1.2
[INFO] [stderr]     Checking piet v0.3.1
[INFO] [stderr]     Checking simple_logger v1.11.0
[INFO] [stderr]     Checking thread_local v1.1.3
[INFO] [stderr]     Checking sharded-slab v0.1.1
[INFO] [stderr]     Checking xi-unicode v0.3.0
[INFO] [stderr]     Checking ansi_term v0.12.1
[INFO] [stderr]     Checking dtoa v0.4.7
[INFO] [stderr]     Checking console v0.14.1
[INFO] [stderr]     Checking uuid v0.8.2
[INFO] [stderr]     Checking similar v1.3.0
[INFO] [stderr]     Checking chrono v0.4.19
[INFO] [stderr]     Checking regex-automata v0.1.9
[INFO] [stderr]     Checking regex v1.4.5
[INFO] [stderr]     Checking matchers v0.0.1
[INFO] [stderr]    Compiling proc-macro-error v1.0.4
[INFO] [stderr]    Compiling thiserror-impl v1.0.24
[INFO] [stderr]    Compiling strum_macros v0.18.0
[INFO] [stderr]    Compiling futures-macro v0.3.13
[INFO] [stderr]    Compiling tracing-attributes v0.1.15
[INFO] [stderr]    Compiling time-macros-impl v0.1.1
[INFO] [stderr]    Compiling rental-impl v0.5.5
[INFO] [stderr]    Compiling druid-derive v0.4.0
[INFO] [stderr]    Compiling derive_more v0.99.13
[INFO] [stderr]    Compiling derivative v2.2.0
[INFO] [stderr]    Compiling test-env-log v0.2.6
[INFO] [stderr]     Checking time-macros v0.1.1
[INFO] [stderr]     Checking futures-util v0.3.13
[INFO] [stderr]     Checking tracing v0.1.25
[INFO] [stderr]    Compiling thiserror v1.0.24
[INFO] [stderr]     Checking tracing-unwrap v0.9.2
[INFO] [stderr]    Compiling panoramix-derive v0.0.2
[INFO] [stderr]     Checking futures-executor v0.3.13
[INFO] [stderr]     Checking futures v0.3.13
[INFO] [stderr]     Checking rental v0.5.5
[INFO] [stderr]     Checking fluent-bundle v0.12.0
[INFO] [stderr]     Checking tracing-serde v0.1.2
[INFO] [stderr]     Checking serde_yaml v0.8.17
[INFO] [stderr]    Compiling toml v0.5.8
[INFO] [stderr]     Checking tracing-subscriber v0.2.17
[INFO] [stderr]     Checking insta v1.7.0
[INFO] [stderr]    Compiling system-deps v1.3.2
[INFO] [stderr]    Compiling proc-macro-crate v0.1.5
[INFO] [stderr]    Compiling glib-macros v0.10.1
[INFO] [stderr]    Compiling glib-sys v0.10.1
[INFO] [stderr]    Compiling gobject-sys v0.10.0
[INFO] [stderr]    Compiling gio-sys v0.10.1
[INFO] [stderr]    Compiling cairo-sys-rs v0.10.0
[INFO] [stderr]    Compiling gdk-pixbuf-sys v0.10.0
[INFO] [stderr]    Compiling pango-sys v0.10.0
[INFO] [stderr]    Compiling gdk-sys v0.10.0
[INFO] [stderr]    Compiling atk-sys v0.10.0
[INFO] [stderr]    Compiling gtk-sys v0.10.0
[INFO] [stderr]     Checking glib v0.10.3
[INFO] [stderr]     Checking piet-cairo v0.3.0
[INFO] [stderr]     Checking piet-common v0.3.2
[INFO] [stderr]     Checking druid-shell v0.7.0
[INFO] [stderr]     Checking druid v0.7.0
[INFO] [stderr]     Checking panoramix v0.0.3 (/opt/rustwide/workdir)
[INFO] [stdout] error: custom inner attributes are unstable
[INFO] [stdout]  --> src/elements/element_tuple.rs:3:4
[INFO] [stdout]   |
[INFO] [stdout] 3 | #![rustfmt::skip]
[INFO] [stdout]   |    ^^^^^^^^^^^^^
[INFO] [stdout]   |
[INFO] [stdout]   = warning: this was previously accepted by the compiler but is being phased out; it will become a hard error in a future release!
[INFO] [stdout]   = note: for more information, see issue #64266 <https://github.com/rust-lang/rust/issues/64266>
[INFO] [stdout]   = note: `#[deny(soft_unstable)]` on by default
[INFO] [stdout] 
[INFO] [stdout] 
[INFO] [stdout] error: custom inner attributes are unstable
[INFO] [stdout]  --> src/widgets/widget_tuple.rs:2:4
[INFO] [stdout]   |
[INFO] [stdout] 2 | #![rustfmt::skip]
[INFO] [stdout]   |    ^^^^^^^^^^^^^
[INFO] [stdout]   |
[INFO] [stdout]   = warning: this was previously accepted by the compiler but is being phased out; it will become a hard error in a future release!
[INFO] [stdout]   = note: for more information, see issue #64266 <https://github.com/rust-lang/rust/issues/64266>
[INFO] [stdout] 
[INFO] [stdout] 
[INFO] [stdout] error: cannot determine resolution for the macro `$crate::Tuple`
[INFO] [stdout]    --> src/elements/flex_element.rs:177:13
[INFO] [stdout]     |
[INFO] [stdout] 177 |             $crate::Tuple!($($arg,)*)
[INFO] [stdout]     |             ^^^^^^^^^^^^^
[INFO] [stdout] ...
[INFO] [stdout] 209 |         let row = Row!();
[INFO] [stdout]     |                   ------ in this macro invocation
[INFO] [stdout]     |
[INFO] [stdout]     = note: import resolution is stuck, try simplifying macro imports
[INFO] [stdout]     = note: this error originates in the macro `Row` (in Nightly builds, run with -Z macro-backtrace for more info)
[INFO] [stdout] 
[INFO] [stdout] 
[INFO] [stdout] error: cannot determine resolution for the macro `$crate::Tuple`
[INFO] [stdout]    --> src/elements/flex_element.rs:194:13
[INFO] [stdout]     |
[INFO] [stdout] 194 |             $crate::Tuple!($($arg,)*)
[INFO] [stdout]     |             ^^^^^^^^^^^^^
[INFO] [stdout] ...
[INFO] [stdout] 210 |         let column = Column!();
[INFO] [stdout]     |                      --------- in this macro invocation
[INFO] [stdout]     |
[INFO] [stdout]     = note: import resolution is stuck, try simplifying macro imports
[INFO] [stdout]     = note: this error originates in the macro `Column` (in Nightly builds, run with -Z macro-backtrace for more info)
[INFO] [stdout] 
[INFO] [stdout] 
[INFO] [stdout] error: cannot determine resolution for the macro `$crate::Tuple`
[INFO] [stdout]    --> src/elements/flex_element.rs:177:13
[INFO] [stdout]     |
[INFO] [stdout] 177 |             $crate::Tuple!($($arg,)*)
[INFO] [stdout]     |             ^^^^^^^^^^^^^
[INFO] [stdout] ...
[INFO] [stdout] 225 |         let row = Row!(Label::new("Hello"));
[INFO] [stdout]     |                   ------------------------- in this macro invocation
[INFO] [stdout]     |
[INFO] [stdout]     = note: import resolution is stuck, try simplifying macro imports
[INFO] [stdout]     = note: this error originates in the macro `Row` (in Nightly builds, run with -Z macro-backtrace for more info)
[INFO] [stdout] 
[INFO] [stdout] 
[INFO] [stdout] error: cannot determine resolution for the macro `$crate::Tuple`
[INFO] [stdout]    --> src/elements/flex_element.rs:194:13
[INFO] [stdout]     |
[INFO] [stdout] 194 |             $crate::Tuple!($($arg,)*)
[INFO] [stdout]     |             ^^^^^^^^^^^^^
[INFO] [stdout] ...
[INFO] [stdout] 226 |         let column = Column!(Label::new("Greetings"));
[INFO] [stdout]     |                      -------------------------------- in this macro invocation
[INFO] [stdout]     |
[INFO] [stdout]     = note: import resolution is stuck, try simplifying macro imports
[INFO] [stdout]     = note: this error originates in the macro `Column` (in Nightly builds, run with -Z macro-backtrace for more info)
[INFO] [stdout] 
[INFO] [stdout] 
[INFO] [stdout] error: cannot determine resolution for the macro `$crate::Tuple`
[INFO] [stdout]    --> src/elements/flex_element.rs:177:13
[INFO] [stdout]     |
[INFO] [stdout] 177 |               $crate::Tuple!($($arg,)*)
[INFO] [stdout]     |               ^^^^^^^^^^^^^
[INFO] [stdout] ...
[INFO] [stdout] 241 |           let row = Row!(
[INFO] [stdout]     |  ___________________-
[INFO] [stdout] 242 | |             Label::new("Hello"),
[INFO] [stdout] 243 | |             Label::new("Hello2"),
[INFO] [stdout] 244 | |             Label::new("Hello3"),
[INFO] [stdout] 245 | |         );
[INFO] [stdout]     | |_________- in this macro invocation
[INFO] [stdout]     |
[INFO] [stdout]     = note: import resolution is stuck, try simplifying macro imports
[INFO] [stdout]     = note: this error originates in the macro `Row` (in Nightly builds, run with -Z macro-backtrace for more info)
[INFO] [stdout] 
[INFO] [stdout] 
[INFO] [stdout] error: macro-expanded `macro_export` macros from the current crate cannot be referred to by absolute paths
[INFO] [stdout]    --> src/elements/flex_element.rs:177:13
[INFO] [stdout]     |
[INFO] [stdout] 177 |             $crate::Tuple!($($arg,)*)
[INFO] [stdout]     |             ^^^^^^^^^^^^^
[INFO] [stdout] ...
[INFO] [stdout] 209 |         let row = Row!();
[INFO] [stdout]     |                   ------ in this macro invocation
[INFO] [stdout]     |
[INFO] [stdout]     = warning: this was previously accepted by the compiler but is being phased out; it will become a hard error in a future release!
[INFO] [stdout]     = note: for more information, see issue #52234 <https://github.com/rust-lang/rust/issues/52234>
[INFO] [stdout] note: the macro is defined here
[INFO] [stdout]    --> src/elements/element_tuple.rs:215:1
[INFO] [stdout]     |
[INFO] [stdout] 215 | / macro_rules! Tuple {
[INFO] [stdout] 216 | |
[INFO] [stdout] 217 | |     ( $(,)? ) => {
[INFO] [stdout] 218 | |         $crate::elements::EmptyElement::new()
[INFO] [stdout] ...   |
[INFO] [stdout] 293 | |
[INFO] [stdout] 294 | | }
[INFO] [stdout]     | |_^
[INFO] [stdout]     = note: `#[deny(macro_expanded_macro_exports_accessed_by_absolute_paths)]` on by default
[INFO] [stdout]     = note: this error originates in the macro `Row` (in Nightly builds, run with -Z macro-backtrace for more info)
[INFO] [stdout] 
[INFO] [stdout] 
[INFO] [stdout] error: macro-expanded `macro_export` macros from the current crate cannot be referred to by absolute paths
[INFO] [stdout]    --> src/elements/flex_element.rs:177:13
[INFO] [stdout]     |
[INFO] [stdout] 177 |             $crate::Tuple!($($arg,)*)
[INFO] [stdout]     |             ^^^^^^^^^^^^^
[INFO] [stdout] ...
[INFO] [stdout] 225 |         let row = Row!(Label::new("Hello"));
[INFO] [stdout]     |                   ------------------------- in this macro invocation
[INFO] [stdout]     |
[INFO] [stdout]     = warning: this was previously accepted by the compiler but is being phased out; it will become a hard error in a future release!
[INFO] [stdout]     = note: for more information, see issue #52234 <https://github.com/rust-lang/rust/issues/52234>
[INFO] [stdout] note: the macro is defined here
[INFO] [stdout]    --> src/elements/element_tuple.rs:215:1
[INFO] [stdout]     |
[INFO] [stdout] 215 | / macro_rules! Tuple {
[INFO] [stdout] 216 | |
[INFO] [stdout] 217 | |     ( $(,)? ) => {
[INFO] [stdout] 218 | |         $crate::elements::EmptyElement::new()
[INFO] [stdout] ...   |
[INFO] [stdout] 293 | |
[INFO] [stdout] 294 | | }
[INFO] [stdout]     | |_^
[INFO] [stdout]     = note: this error originates in the macro `Row` (in Nightly builds, run with -Z macro-backtrace for more info)
[INFO] [stdout] 
[INFO] [stdout] 
[INFO] [stdout] error: macro-expanded `macro_export` macros from the current crate cannot be referred to by absolute paths
[INFO] [stdout]    --> src/elements/flex_element.rs:177:13
[INFO] [stdout]     |
[INFO] [stdout] 177 |               $crate::Tuple!($($arg,)*)
[INFO] [stdout]     |               ^^^^^^^^^^^^^
[INFO] [stdout] ...
[INFO] [stdout] 241 |           let row = Row!(
[INFO] [stdout]     |  ___________________-
[INFO] [stdout] 242 | |             Label::new("Hello"),
[INFO] [stdout] 243 | |             Label::new("Hello2"),
[INFO] [stdout] 244 | |             Label::new("Hello3"),
[INFO] [stdout] 245 | |         );
[INFO] [stdout]     | |_________- in this macro invocation
[INFO] [stdout]     |
[INFO] [stdout]     = warning: this was previously accepted by the compiler but is being phased out; it will become a hard error in a future release!
[INFO] [stdout]     = note: for more information, see issue #52234 <https://github.com/rust-lang/rust/issues/52234>
[INFO] [stdout] note: the macro is defined here
[INFO] [stdout]    --> src/elements/element_tuple.rs:215:1
[INFO] [stdout]     |
[INFO] [stdout] 215 | / macro_rules! Tuple {
[INFO] [stdout] 216 | |
[INFO] [stdout] 217 | |     ( $(,)? ) => {
[INFO] [stdout] 218 | |         $crate::elements::EmptyElement::new()
[INFO] [stdout] ...   |
[INFO] [stdout] 293 | |
[INFO] [stdout] 294 | | }
[INFO] [stdout]     | |_^
[INFO] [stdout]     = note: this error originates in the macro `Row` (in Nightly builds, run with -Z macro-backtrace for more info)
[INFO] [stdout] 
[INFO] [stdout] 
[INFO] [stdout] error: macro-expanded `macro_export` macros from the current crate cannot be referred to by absolute paths
[INFO] [stdout]    --> src/elements/flex_element.rs:194:13
[INFO] [stdout]     |
[INFO] [stdout] 194 |             $crate::Tuple!($($arg,)*)
[INFO] [stdout]     |             ^^^^^^^^^^^^^
[INFO] [stdout] ...
[INFO] [stdout] 210 |         let column = Column!();
[INFO] [stdout]     |                      --------- in this macro invocation
[INFO] [stdout]     |
[INFO] [stdout]     = warning: this was previously accepted by the compiler but is being phased out; it will become a hard error in a future release!
[INFO] [stdout]     = note: for more information, see issue #52234 <https://github.com/rust-lang/rust/issues/52234>
[INFO] [stdout] note: the macro is defined here
[INFO] [stdout]    --> src/elements/element_tuple.rs:215:1
[INFO] [stdout]     |
[INFO] [stdout] 215 | / macro_rules! Tuple {
[INFO] [stdout] 216 | |
[INFO] [stdout] 217 | |     ( $(,)? ) => {
[INFO] [stdout] 218 | |         $crate::elements::EmptyElement::new()
[INFO] [stdout] ...   |
[INFO] [stdout] 293 | |
[INFO] [stdout] 294 | | }
[INFO] [stdout]     | |_^
[INFO] [stdout]     = note: this error originates in the macro `Column` (in Nightly builds, run with -Z macro-backtrace for more info)
[INFO] [stdout] 
[INFO] [stdout] 
[INFO] [stdout] error: macro-expanded `macro_export` macros from the current crate cannot be referred to by absolute paths
[INFO] [stdout]    --> src/elements/flex_element.rs:194:13
[INFO] [stdout]     |
[INFO] [stdout] 194 |             $crate::Tuple!($($arg,)*)
[INFO] [stdout]     |             ^^^^^^^^^^^^^
[INFO] [stdout] ...
[INFO] [stdout] 226 |         let column = Column!(Label::new("Greetings"));
[INFO] [stdout]     |                      -------------------------------- in this macro invocation
[INFO] [stdout]     |
[INFO] [stdout]     = warning: this was previously accepted by the compiler but is being phased out; it will become a hard error in a future release!
[INFO] [stdout]     = note: for more information, see issue #52234 <https://github.com/rust-lang/rust/issues/52234>
[INFO] [stdout] note: the macro is defined here
[INFO] [stdout]    --> src/elements/element_tuple.rs:215:1
[INFO] [stdout]     |
[INFO] [stdout] 215 | / macro_rules! Tuple {
[INFO] [stdout] 216 | |
[INFO] [stdout] 217 | |     ( $(,)? ) => {
[INFO] [stdout] 218 | |         $crate::elements::EmptyElement::new()
[INFO] [stdout] ...   |
[INFO] [stdout] 293 | |
[INFO] [stdout] 294 | | }
[INFO] [stdout]     | |_^
[INFO] [stdout]     = note: this error originates in the macro `Column` (in Nightly builds, run with -Z macro-backtrace for more info)
[INFO] [stdout] 
[INFO] [stdout] 
[INFO] [stdout] error: custom inner attributes are unstable
[INFO] [stdout]  --> src/elements/element_tuple.rs:3:4
[INFO] [stdout]   |
[INFO] [stdout] 3 | #![rustfmt::skip]
[INFO] [stdout]   |    ^^^^^^^^^^^^^
[INFO] [stdout]   |
[INFO] [stdout]   = warning: this was previously accepted by the compiler but is being phased out; it will become a hard error in a future release!
[INFO] [stdout]   = note: for more information, see issue #64266 <https://github.com/rust-lang/rust/issues/64266>
[INFO] [stdout]   = note: `#[deny(soft_unstable)]` on by default
[INFO] [stdout] 
[INFO] [stdout] 
[INFO] [stdout] warning: unused import: `crate::elements::Label`
[INFO] [stdout]    --> src/elements/flex_element.rs:203:9
[INFO] [stdout]     |
[INFO] [stdout] 203 |     use crate::elements::Label;
[INFO] [stdout]     |         ^^^^^^^^^^^^^^^^^^^^^^
[INFO] [stdout]     |
[INFO] [stdout]     = note: `#[warn(unused_imports)]` on by default
[INFO] [stdout] 
[INFO] [stdout] 
[INFO] [stdout] error: custom inner attributes are unstable
[INFO] [stdout]  --> src/widgets/widget_tuple.rs:2:4
[INFO] [stdout]   |
[INFO] [stdout] 2 | #![rustfmt::skip]
[INFO] [stdout]   |    ^^^^^^^^^^^^^
[INFO] [stdout]   |
[INFO] [stdout]   = warning: this was previously accepted by the compiler but is being phased out; it will become a hard error in a future release!
[INFO] [stdout]   = note: for more information, see issue #64266 <https://github.com/rust-lang/rust/issues/64266>
[INFO] [stdout] 
[INFO] [stdout] 
[INFO] [stdout] error[E0310]: the parameter type `CpState` may not live long enough
[INFO] [stdout]    --> src/elements/any_element.rs:185:31
[INFO] [stdout]     |
[INFO] [stdout] 185 |         let (output, state) = child.build(prev_state);
[INFO] [stdout]     |                               ^^^^^^^^^^^^^^^^^^^^^^^ ...so that the type `CpState` will meet its required lifetime bounds
[INFO] [stdout]     |
[INFO] [stdout] help: consider adding an explicit lifetime bound...
[INFO] [stdout]     |
[INFO] [stdout] 175 | impl<CpEvent, CpState: 'static> Element<CpEvent, CpState> for ElementBox<CpEvent, CpState> {
[INFO] [stdout]     |                      +++++++++
[INFO] [stdout] 
[INFO] [stdout] 
[INFO] [stdout] error[E0310]: the parameter type `CpEvent` may not live long enough
[INFO] [stdout]    --> src/elements/any_element.rs:185:31
[INFO] [stdout]     |
[INFO] [stdout] 185 |         let (output, state) = child.build(prev_state);
[INFO] [stdout]     |                               ^^^^^^^^^^^^^^^^^^^^^^^ ...so that the type `CpEvent` will meet its required lifetime bounds
[INFO] [stdout]     |
[INFO] [stdout] help: consider adding an explicit lifetime bound...
[INFO] [stdout]     |
[INFO] [stdout] 175 | impl<CpEvent: 'static, CpState> Element<CpEvent, CpState> for ElementBox<CpEvent, CpState> {
[INFO] [stdout]     |             +++++++++
[INFO] [stdout] 
[INFO] [stdout] 
[INFO] [stdout] error[E0310]: the parameter type `CpState` may not live long enough
[INFO] [stdout]    --> src/elements/any_element.rs:322:9
[INFO] [stdout]     |
[INFO] [stdout] 322 |         self.child.init_tree()
[INFO] [stdout]     |         ^^^^^^^^^^^^^^^^^^^^^^ ...so that the type `CpState` will meet its required lifetime bounds
[INFO] [stdout]     |
[INFO] [stdout] help: consider adding an explicit lifetime bound...
[INFO] [stdout]     |
[INFO] [stdout] 316 | impl<CpEvent, CpState: 'static> VirtualDom<CpEvent, CpState> for VirtualDomBox<CpEvent, CpState> {
[INFO] [stdout]     |                      +++++++++
[INFO] [stdout] 
[INFO] [stdout] 
[INFO] [stdout] error[E0310]: the parameter type `CpEvent` may not live long enough
[INFO] [stdout]    --> src/elements/any_element.rs:322:9
[INFO] [stdout]     |
[INFO] [stdout] 322 |         self.child.init_tree()
[INFO] [stdout]     |         ^^^^^^^^^^^^^^^^^^^^^^ ...so that the type `CpEvent` will meet its required lifetime bounds
[INFO] [stdout]     |
[INFO] [stdout] help: consider adding an explicit lifetime bound...
[INFO] [stdout]     |
[INFO] [stdout] 316 | impl<CpEvent: 'static, CpState> VirtualDom<CpEvent, CpState> for VirtualDomBox<CpEvent, CpState> {
[INFO] [stdout]     |             +++++++++
[INFO] [stdout] 
[INFO] [stdout] 
[INFO] [stdout] error[E0310]: the parameter type `CpState` may not live long enough
[INFO] [stdout]    --> src/elements/any_element.rs:331:9
[INFO] [stdout]     |
[INFO] [stdout] 331 |         self.child.reconcile(&other.child, widget_seq, ctx);
[INFO] [stdout]     |         ^^^^^^^^^^^^^^^^^^^^^^^^^^^^^^^^^^^^^^^^^^^^^^^^^^^ ...so that the type `CpState` will meet its required lifetime bounds
[INFO] [stdout]     |
[INFO] [stdout] help: consider adding an explicit lifetime bound...
[INFO] [stdout]     |
[INFO] [stdout] 316 | impl<CpEvent, CpState: 'static> VirtualDom<CpEvent, CpState> for VirtualDomBox<CpEvent, CpState> {
[INFO] [stdout]     |                      +++++++++
[INFO] [stdout] 
[INFO] [stdout] 
[INFO] [stdout] error[E0310]: the parameter type `CpEvent` may not live long enough
[INFO] [stdout]    --> src/elements/any_element.rs:331:9
[INFO] [stdout]     |
[INFO] [stdout] 331 |         self.child.reconcile(&other.child, widget_seq, ctx);
[INFO] [stdout]     |         ^^^^^^^^^^^^^^^^^^^^^^^^^^^^^^^^^^^^^^^^^^^^^^^^^^^ ...so that the type `CpEvent` will meet its required lifetime bounds
[INFO] [stdout]     |
[INFO] [stdout] help: consider adding an explicit lifetime bound...
[INFO] [stdout]     |
[INFO] [stdout] 316 | impl<CpEvent: 'static, CpState> VirtualDom<CpEvent, CpState> for VirtualDomBox<CpEvent, CpState> {
[INFO] [stdout]     |             +++++++++
[INFO] [stdout] 
[INFO] [stdout] 
[INFO] [stdout] error[E0310]: the parameter type `CpState` may not live long enough
[INFO] [stdout]    --> src/elements/any_element.rs:341:9
[INFO] [stdout]     |
[INFO] [stdout] 341 | /         self.child
[INFO] [stdout] 342 | |             .process_event(component_state, children_state, widget_seq, cx)
[INFO] [stdout]     | |___________________________________________________________________________^ ...so that the type `CpState` will meet its required lifetime bounds
[INFO] [stdout]     |
[INFO] [stdout] help: consider adding an explicit lifetime bound...
[INFO] [stdout]     |
[INFO] [stdout] 316 | impl<CpEvent, CpState: 'static> VirtualDom<CpEvent, CpState> for VirtualDomBox<CpEvent, CpState> {
[INFO] [stdout]     |                      +++++++++
[INFO] [stdout] 
[INFO] [stdout] 
[INFO] [stdout] error[E0310]: the parameter type `CpEvent` may not live long enough
[INFO] [stdout]    --> src/elements/any_element.rs:341:9
[INFO] [stdout]     |
[INFO] [stdout] 341 | /         self.child
[INFO] [stdout] 342 | |             .process_event(component_state, children_state, widget_seq, cx)
[INFO] [stdout]     | |___________________________________________________________________________^ ...so that the type `CpEvent` will meet its required lifetime bounds
[INFO] [stdout]     |
[INFO] [stdout] help: consider adding an explicit lifetime bound...
[INFO] [stdout]     |
[INFO] [stdout] 316 | impl<CpEvent: 'static, CpState> VirtualDom<CpEvent, CpState> for VirtualDomBox<CpEvent, CpState> {
[INFO] [stdout]     |             +++++++++
[INFO] [stdout] 
[INFO] [stdout] 
[INFO] [stdout] warning: unused import: `super`
[INFO] [stdout]    --> src/elements/flex_element.rs:201:9
[INFO] [stdout]     |
[INFO] [stdout] 201 |     use super::*;
[INFO] [stdout]     |         ^^^^^
[INFO] [stdout] 
[INFO] [stdout] 
[INFO] [stdout] error: aborting due to 12 previous errors; 2 warnings emitted
[INFO] [stdout] 
[INFO] [stdout] 
[INFO] [stderr] error: could not compile `panoramix` (lib test) due to 13 previous errors; 2 warnings emitted
[INFO] [stderr] warning: build failed, waiting for other jobs to finish...
[INFO] [stdout] error: aborting due to 10 previous errors
[INFO] [stdout] 
[INFO] [stdout] 
[INFO] [stdout] For more information about this error, try `rustc --explain E0310`.
[INFO] [stdout] 
[INFO] [stderr] error: could not compile `panoramix` (lib) due to 11 previous errors
[INFO] running `Command { std: "docker" "inspect" "80d7cd65c6df21ed8c143946afab3490ddbebc185357c73f1fac073cb9233d96", kill_on_drop: false }`
[INFO] running `Command { std: "docker" "rm" "-f" "80d7cd65c6df21ed8c143946afab3490ddbebc185357c73f1fac073cb9233d96", kill_on_drop: false }`
[INFO] [stdout] 80d7cd65c6df21ed8c143946afab3490ddbebc185357c73f1fac073cb9233d96
